Last updated on 2025-11-04 13:50:12 CET.
| Flavor | Version | Tinstall | Tcheck | Ttotal | Status | Flags |
|---|---|---|---|---|---|---|
| r-devel-linux-x86_64-debian-clang | 0.0.3 | 11.89 | 101.95 | 113.84 | NOTE | |
| r-devel-linux-x86_64-debian-gcc | 0.0.3 | 7.98 | 73.76 | 81.74 | NOTE | |
| r-devel-linux-x86_64-fedora-clang | 0.0.3 | 121.00 | 68.69 | 189.69 | OK | |
| r-devel-linux-x86_64-fedora-gcc | 0.0.3 | 24.00 | 139.20 | 163.20 | OK | |
| r-devel-windows-x86_64 | 0.0.3 | 14.00 | 103.00 | 117.00 | OK | |
| r-patched-linux-x86_64 | 0.0.3 | 10.62 | 95.82 | 106.44 | OK | |
| r-release-linux-x86_64 | 0.0.3 | 11.17 | 95.84 | 107.01 | OK | |
| r-release-macos-arm64 | 0.0.3 | 5.00 | 40.00 | 45.00 | OK | |
| r-release-macos-x86_64 | 0.0.3 | 10.00 | 71.00 | 81.00 | OK | |
| r-release-windows-x86_64 | 0.0.3 | 15.00 | 99.00 | 114.00 | OK | |
| r-oldrel-macos-arm64 | 0.0.3 | 5.00 | 37.00 | 42.00 | OK | |
| r-oldrel-macos-x86_64 | 0.0.3 | 7.00 | 56.00 | 63.00 | OK | |
| r-oldrel-windows-x86_64 | 0.0.3 | 17.00 | 129.00 | 146.00 | OK |
Version: 0.0.3
Check: CRAN incoming feasibility
Result: NOTE
Maintainer: ‘Gabriel Budel <gabysp_budel@hotmail.com>’
No Authors@R field in DESCRIPTION.
Please add one, modifying
Authors@R: c(person(given = "Gabriel",
family = "Budel",
role = c("aut", "cre"),
email = "gabysp_budel@hotmail.com"),
person(given = "Flavius",
family = "Frasincar",
role = "aut"))
as necessary.
Flavors: r-devel-linux-x86_64-debian-clang, r-devel-linux-x86_64-debian-gcc