CRAN Package Check Results for Package D3partitionR

Last updated on 2025-02-10 17:49:08 CET.

Flavor Version Tinstall Tcheck Ttotal Status Flags
r-devel-linux-x86_64-debian-clang 0.5.0 3.29 27.61 30.90 OK
r-devel-linux-x86_64-debian-gcc 0.5.0 2.60 21.02 23.62 OK
r-devel-linux-x86_64-fedora-clang 0.5.0 49.42 NOTE
r-devel-linux-x86_64-fedora-gcc 0.5.0 45.18 NOTE
r-devel-windows-x86_64 0.5.0 5.00 49.00 54.00 OK
r-patched-linux-x86_64 0.5.0 3.75 25.05 28.80 NOTE
r-release-linux-x86_64 0.5.0 3.36 25.21 28.57 NOTE
r-release-macos-arm64 0.5.0 20.00 NOTE
r-release-macos-x86_64 0.5.0 27.00 NOTE
r-release-windows-x86_64 0.5.0 7.00 51.00 58.00 NOTE
r-oldrel-macos-arm64 0.5.0 21.00 NOTE
r-oldrel-macos-x86_64 0.5.0 28.00 NOTE
r-oldrel-windows-x86_64 0.5.0 6.00 55.00 61.00 NOTE

Check Details

Version: 0.5.0
Check: dependencies in R code
Result: NOTE Namespace in Imports field not imported from: ‘titanic’ All declared Imports should be used. Flavors: r-devel-linux-x86_64-fedora-clang, r-devel-linux-x86_64-fedora-gcc

Version: 0.5.0
Check: LazyData
Result: NOTE 'LazyData' is specified without a 'data' directory Flavors: r-patched-linux-x86_64, r-release-linux-x86_64, r-release-macos-arm64, r-release-macos-x86_64, r-release-windows-x86_64, r-oldrel-macos-arm64, r-oldrel-macos-x86_64, r-oldrel-windows-x86_64