Last updated on 2025-11-25 17:49:46 CET.
| Flavor | Version | Tinstall | Tcheck | Ttotal | Status | Flags |
|---|---|---|---|---|---|---|
| r-devel-linux-x86_64-debian-clang | 2.70 | 5.30 | 79.72 | 85.02 | NOTE | |
| r-devel-linux-x86_64-debian-gcc | 2.70 | 3.71 | 73.34 | 77.05 | NOTE | |
| r-devel-linux-x86_64-fedora-clang | 2.70 | 12.00 | 106.28 | 118.28 | OK | |
| r-devel-linux-x86_64-fedora-gcc | 2.70 | 12.00 | 119.46 | 131.46 | OK | |
| r-devel-windows-x86_64 | 2.70 | 7.00 | 99.00 | 106.00 | NOTE | |
| r-patched-linux-x86_64 | 2.70 | 5.63 | 73.88 | 79.51 | OK | |
| r-release-linux-x86_64 | 2.70 | 4.56 | 73.83 | 78.39 | OK | |
| r-release-macos-arm64 | 2.70 | OK | ||||
| r-release-macos-x86_64 | 2.70 | 5.00 | 86.00 | 91.00 | OK | |
| r-release-windows-x86_64 | 2.70 | 7.00 | 110.00 | 117.00 | OK | |
| r-oldrel-macos-arm64 | 2.70 | OK | ||||
| r-oldrel-macos-x86_64 | 2.70 | 8.00 | 101.00 | 109.00 | OK | |
| r-oldrel-windows-x86_64 | 2.70 | 8.00 | 109.00 | 117.00 | OK |
Version: 2.70
Check: CRAN incoming feasibility
Result: NOTE
Maintainer: ‘R Barfield <barfieldrichard8@gmail.com>’
No Authors@R field in DESCRIPTION.
Please add one, modifying
Authors@R: c(person(family = "Barfield",
role = "aut"),
person(family = "R.",
role = "aut"),
person(family = "Conneely",
role = "aut"),
person(family = "K.",
role = "aut"),
person(family = "Kilaru,V",
role = "aut"),
person(given = "R",
family = "Barfield",
role = "cre",
email = "barfieldrichard8@gmail.com"))
as necessary.
Flavors: r-devel-linux-x86_64-debian-clang, r-devel-linux-x86_64-debian-gcc
Version: 2.70
Check: Rd files
Result: NOTE
checkRd: (-1) CpGassoc-package.Rd:16-27: Only 2 columns allowed in this table (row 1 has 1)
Flavor: r-devel-windows-x86_64