Last updated on 2024-06-29 06:49:38 CEST.
Flavor | Version | Tinstall | Tcheck | Ttotal | Status | Flags |
---|---|---|---|---|---|---|
r-devel-linux-x86_64-debian-clang | 1.0 | 4.70 | 98.85 | 103.55 | OK | |
r-devel-linux-x86_64-debian-gcc | 1.0 | 3.32 | 71.71 | 75.03 | OK | |
r-devel-linux-x86_64-fedora-clang | 1.0 | 127.27 | NOTE | |||
r-devel-linux-x86_64-fedora-gcc | 1.0 | 132.64 | NOTE | |||
r-devel-windows-x86_64 | 1.0 | 4.00 | 89.00 | 93.00 | OK | |
r-patched-linux-x86_64 | 1.0 | 4.88 | 95.28 | 100.16 | OK | |
r-release-linux-x86_64 | 1.0 | 3.38 | 95.41 | 98.79 | OK | |
r-release-macos-arm64 | 1.0 | 44.00 | OK | |||
r-release-macos-x86_64 | 1.0 | 67.00 | OK | |||
r-release-windows-x86_64 | 1.0 | 4.00 | 89.00 | 93.00 | OK | |
r-oldrel-macos-arm64 | 1.0 | 47.00 | OK | |||
r-oldrel-macos-x86_64 | 1.0 | 68.00 | OK | |||
r-oldrel-windows-x86_64 | 1.0 | 5.00 | 107.00 | 112.00 | OK |
Version: 1.0
Check: dependencies in R code
Result: NOTE
Namespace in Imports field not imported from: ‘mvtnorm’
All declared Imports should be used.
Flavors: r-devel-linux-x86_64-fedora-clang, r-devel-linux-x86_64-fedora-gcc