Last updated on 2025-05-15 18:50:44 CEST.
Flavor | Version | Tinstall | Tcheck | Ttotal | Status | Flags |
---|---|---|---|---|---|---|
r-devel-linux-x86_64-debian-clang | 1.0.1 | 9.14 | 285.77 | 294.91 | NOTE | |
r-devel-linux-x86_64-debian-gcc | 1.0.1 | 7.08 | 238.19 | 245.27 | NOTE | |
r-devel-linux-x86_64-fedora-clang | 1.0.1 | 527.11 | OK | |||
r-devel-linux-x86_64-fedora-gcc | 1.0.1 | 541.14 | OK | |||
r-devel-windows-x86_64 | 1.0.1 | 10.00 | 340.00 | 350.00 | OK | |
r-patched-linux-x86_64 | 1.0.1 | 6.67 | 354.09 | 360.76 | OK | |
r-release-linux-x86_64 | 1.0.1 | 8.93 | 352.16 | 361.09 | OK | |
r-release-macos-arm64 | 1.0.1 | 207.00 | OK | |||
r-release-macos-x86_64 | 1.0.1 | 446.00 | OK | |||
r-release-windows-x86_64 | 1.0.1 | 10.00 | 340.00 | 350.00 | OK | |
r-oldrel-macos-arm64 | 1.0.1 | 185.00 | OK | |||
r-oldrel-macos-x86_64 | 1.0.1 | 302.00 | OK | |||
r-oldrel-windows-x86_64 | 1.0.1 | 13.00 | 435.00 | 448.00 | OK |
Version: 1.0.1
Check: CRAN incoming feasibility
Result: NOTE
Maintainer: ‘I.M.L. Nadeesha Jayaweera <njayaweera@wpi.edu>’
The Description field contains
<[https:doi.org/10.2307/1390838]https:doi.org/10.2307/1390838>.
Please write DOIs as <doi:prefix/suffix>.
Flavors: r-devel-linux-x86_64-debian-clang, r-devel-linux-x86_64-debian-gcc