CRAN Package Check Results for Package CompPareto

Last updated on 2025-11-26 05:51:30 CET.

Flavor Version Tinstall Tcheck Ttotal Status Flags
r-devel-linux-x86_64-debian-clang 0.1.0 1.85 20.50 22.35 NOTE
r-devel-linux-x86_64-debian-gcc 0.1.0 1.54 16.59 18.13 NOTE
r-devel-linux-x86_64-fedora-clang 0.1.0 30.84 OK
r-devel-linux-x86_64-fedora-gcc 0.1.0 31.09 OK
r-devel-windows-x86_64 0.1.0 4.00 38.00 42.00 OK
r-patched-linux-x86_64 0.1.0 2.12 19.48 21.60 OK
r-release-linux-x86_64 0.1.0 1.79 19.21 21.00 OK
r-release-macos-arm64 0.1.0 OK
r-release-macos-x86_64 0.1.0 2.00 23.00 25.00 OK
r-release-windows-x86_64 0.1.0 3.00 50.00 53.00 OK
r-oldrel-macos-arm64 0.1.0 OK
r-oldrel-macos-x86_64 0.1.0 2.00 18.00 20.00 OK
r-oldrel-windows-x86_64 0.1.0 4.00 43.00 47.00 OK

Check Details

Version: 0.1.0
Check: CRAN incoming feasibility
Result: NOTE Maintainer: ‘Bowen Liu <bowen.liu@umkc.edu>’ The Description field contains found in Bowen Liu, Malwane M.A. Ananda (2023) <arXiv:2309.16443>. Please refer to arXiv e-prints via their arXiv DOI <doi:10.48550/arXiv.YYMM.NNNNN>. Flavors: r-devel-linux-x86_64-debian-clang, r-devel-linux-x86_64-debian-gcc