Last updated on 2025-11-26 05:51:30 CET.
| Flavor | Version | Tinstall | Tcheck | Ttotal | Status | Flags |
|---|---|---|---|---|---|---|
| r-devel-linux-x86_64-debian-clang | 1.1.0 | 25.75 | 80.86 | 106.61 | NOTE | |
| r-devel-linux-x86_64-debian-gcc | 1.1.0 | 16.89 | 60.38 | 77.27 | NOTE | |
| r-devel-linux-x86_64-fedora-clang | 1.1.0 | 55.00 | 116.48 | 171.48 | OK | |
| r-devel-linux-x86_64-fedora-gcc | 1.1.0 | 53.00 | 109.64 | 162.64 | OK | |
| r-devel-windows-x86_64 | 1.1.0 | 42.00 | 101.00 | 143.00 | OK | |
| r-patched-linux-x86_64 | 1.1.0 | 24.07 | 77.95 | 102.02 | OK | |
| r-release-linux-x86_64 | 1.1.0 | 24.78 | 77.98 | 102.76 | OK | |
| r-release-macos-arm64 | 1.1.0 | OK | ||||
| r-release-macos-x86_64 | 1.1.0 | 19.00 | 74.00 | 93.00 | OK | |
| r-release-windows-x86_64 | 1.1.0 | 36.00 | 114.00 | 150.00 | OK | |
| r-oldrel-macos-arm64 | 1.1.0 | OK | ||||
| r-oldrel-macos-x86_64 | 1.1.0 | 14.00 | 55.00 | 69.00 | OK | |
| r-oldrel-windows-x86_64 | 1.1.0 | 42.00 | 132.00 | 174.00 | OK |
Version: 1.1.0
Check: CRAN incoming feasibility
Result: NOTE
Maintainer: ‘Matthieu Marbac <matthieu.marbac-lourdelle@ensai.fr>’
The Description field contains
Marbac et al. (2020) <arXiv:2012.14159> are implemented.
Please refer to arXiv e-prints via their arXiv DOI <doi:10.48550/arXiv.YYMM.NNNNN>.
Flavors: r-devel-linux-x86_64-debian-clang, r-devel-linux-x86_64-debian-gcc