Last updated on 2025-05-13 08:50:06 CEST.
Flavor | Version | Tinstall | Tcheck | Ttotal | Status | Flags |
---|---|---|---|---|---|---|
r-devel-linux-x86_64-debian-clang | 0.5.0 | 32.37 | 181.94 | 214.31 | OK | |
r-devel-linux-x86_64-debian-gcc | 0.5.0 | 24.09 | 127.55 | 151.64 | OK | |
r-devel-linux-x86_64-fedora-clang | 0.5.0 | 346.03 | OK | |||
r-devel-linux-x86_64-fedora-gcc | 0.5.0 | 328.89 | OK | |||
r-devel-windows-x86_64 | 0.5.0 | 32.00 | 154.00 | 186.00 | OK | |
r-patched-linux-x86_64 | 0.5.0 | 33.47 | 168.40 | 201.87 | OK | |
r-release-linux-x86_64 | 0.5.0 | 29.82 | 167.17 | 196.99 | OK | |
r-release-macos-arm64 | 0.5.0 | 91.00 | OK | |||
r-release-macos-x86_64 | 0.5.0 | 189.00 | OK | |||
r-release-windows-x86_64 | 0.5.0 | 34.00 | 156.00 | 190.00 | OK | |
r-oldrel-macos-arm64 | 0.5.0 | 95.00 | NOTE | |||
r-oldrel-macos-x86_64 | 0.5.0 | 189.00 | NOTE | |||
r-oldrel-windows-x86_64 | 0.5.0 | 44.00 | 204.00 | 248.00 | NOTE |
Version: 0.5.0
Check: package dependencies
Result: NOTE
Depends: includes the non-default packages:
'C50', 'car', 'caret', 'corrplot', 'doParallel', 'dplyr', 'e1071',
'ggplot2', 'gt', 'ipred', 'MachineShop', 'magrittr', 'parallel',
'pls', 'purrr', 'randomForest', 'ranger', 'reactable',
'reactablefmtr', 'scales', 'tidyr', 'tree'
Adding so many packages to the search path is excessive and importing
selectively is preferable.
Flavors: r-oldrel-macos-arm64, r-oldrel-macos-x86_64, r-oldrel-windows-x86_64