Last updated on 2025-11-26 05:51:30 CET.
| Flavor | Version | Tinstall | Tcheck | Ttotal | Status | Flags |
|---|---|---|---|---|---|---|
| r-devel-linux-x86_64-debian-clang | 0.2.0 | 6.70 | 44.01 | 50.71 | OK | |
| r-devel-linux-x86_64-debian-gcc | 0.2.0 | 5.12 | 35.72 | 40.84 | OK | |
| r-devel-linux-x86_64-fedora-clang | 0.2.0 | 13.00 | 59.20 | 72.20 | NOTE | |
| r-devel-linux-x86_64-fedora-gcc | 0.2.0 | 12.00 | 73.92 | 85.92 | NOTE | |
| r-devel-windows-x86_64 | 0.2.0 | 11.00 | 78.00 | 89.00 | OK | |
| r-patched-linux-x86_64 | 0.2.0 | 7.13 | 41.95 | 49.08 | OK | |
| r-release-linux-x86_64 | 0.2.0 | 6.63 | 41.16 | 47.79 | OK | |
| r-release-macos-arm64 | 0.2.0 | OK | ||||
| r-release-macos-x86_64 | 0.2.0 | 11.00 | 64.00 | 75.00 | OK | |
| r-release-windows-x86_64 | 0.2.0 | 9.00 | 77.00 | 86.00 | OK | |
| r-oldrel-macos-arm64 | 0.2.0 | OK | ||||
| r-oldrel-macos-x86_64 | 0.2.0 | 7.00 | 55.00 | 62.00 | OK | |
| r-oldrel-windows-x86_64 | 0.2.0 | 10.00 | 86.00 | 96.00 | OK |
Version: 0.2.0
Check: dependencies in R code
Result: NOTE
Namespace in Imports field not imported from: ‘data.table’
All declared Imports should be used.
Flavors: r-devel-linux-x86_64-fedora-clang, r-devel-linux-x86_64-fedora-gcc