Last updated on 2025-11-04 13:50:11 CET.
| Flavor | Version | Tinstall | Tcheck | Ttotal | Status | Flags |
|---|---|---|---|---|---|---|
| r-devel-linux-x86_64-debian-clang | 2.0.3 | 65.76 | 86.44 | 152.20 | OK | |
| r-devel-linux-x86_64-debian-gcc | 2.0.3 | 60.56 | 60.03 | 120.59 | OK | |
| r-devel-linux-x86_64-fedora-clang | 2.0.3 | 188.00 | 90.72 | 278.72 | OK | |
| r-devel-linux-x86_64-fedora-gcc | 2.0.3 | 383.00 | -82.17 | 300.83 | OK | |
| r-devel-windows-x86_64 | 2.0.3 | 86.00 | 105.00 | 191.00 | OK | |
| r-patched-linux-x86_64 | 2.0.3 | 83.10 | 79.03 | 162.13 | OK | |
| r-release-linux-x86_64 | 2.0.3 | 79.98 | 78.27 | 158.25 | OK | |
| r-release-macos-arm64 | 2.0.3 | 32.00 | 32.00 | 64.00 | OK | |
| r-release-macos-x86_64 | 2.0.3 | 26.00 | 54.00 | 80.00 | OK | |
| r-release-windows-x86_64 | 2.0.3 | 86.00 | 104.00 | 190.00 | OK | |
| r-oldrel-macos-arm64 | 2.0.3 | 34.00 | 30.00 | 64.00 | NOTE | |
| r-oldrel-macos-x86_64 | 2.0.3 | 27.00 | 45.00 | 72.00 | NOTE | |
| r-oldrel-windows-x86_64 | 2.0.3 | 101.00 | 135.00 | 236.00 | NOTE |
Version: 2.0.3
Check: installed package size
Result: NOTE
installed size is 9.9Mb
sub-directories of 1Mb or more:
libs 9.6Mb
Flavors: r-oldrel-macos-arm64, r-oldrel-macos-x86_64
Version: 2.0.3
Check: LazyData
Result: NOTE
'LazyData' is specified without a 'data' directory
Flavors: r-oldrel-macos-arm64, r-oldrel-macos-x86_64, r-oldrel-windows-x86_64