CRAN Package Check Results for Package CLSIEP15

Last updated on 2025-11-25 17:49:45 CET.

Flavor Version Tinstall Tcheck Ttotal Status Flags
r-devel-linux-x86_64-debian-clang 0.1.0 4.63 41.97 46.60 NOTE
r-devel-linux-x86_64-debian-gcc 0.1.0 2.96 31.38 34.34 NOTE
r-devel-linux-x86_64-fedora-clang 0.1.0 14.00 59.55 73.55 NOTE
r-devel-linux-x86_64-fedora-gcc 0.1.0 80.93 NOTE
r-devel-windows-x86_64 0.1.0 8.00 59.00 67.00 NOTE
r-patched-linux-x86_64 0.1.0 4.59 39.26 43.85 NOTE
r-release-linux-x86_64 0.1.0 4.41 39.33 43.74 NOTE
r-release-macos-arm64 0.1.0 NOTE
r-release-macos-x86_64 0.1.0 4.00 52.00 56.00 NOTE
r-release-windows-x86_64 0.1.0 5.00 71.00 76.00 NOTE
r-oldrel-macos-arm64 0.1.0 OK
r-oldrel-macos-x86_64 0.1.0 3.00 41.00 44.00 OK
r-oldrel-windows-x86_64 0.1.0 7.00 70.00 77.00 OK

Check Details

Version: 0.1.0
Check: DESCRIPTION meta-information
Result: NOTE Missing dependency on R >= 4.1.0 because package code uses the pipe |> or function shorthand \(...) syntax added in R 4.1.0. File(s) using such syntax: ‘bias_df_combined.R’ ‘create_table_ep_15.R’ ‘precision_calculate_aov_info.R’ Flavors: r-devel-linux-x86_64-debian-clang, r-devel-linux-x86_64-debian-gcc, r-devel-linux-x86_64-fedora-clang, r-devel-linux-x86_64-fedora-gcc, r-devel-windows-x86_64, r-patched-linux-x86_64, r-release-linux-x86_64, r-release-macos-arm64, r-release-macos-x86_64, r-release-windows-x86_64