CRAN Package Check Results for Package CIS.DGLM

Last updated on 2025-11-26 05:51:30 CET.

Flavor Version Tinstall Tcheck Ttotal Status Flags
r-devel-linux-x86_64-debian-clang 0.1.0 4.23 63.09 67.32 OK
r-devel-linux-x86_64-debian-gcc 0.1.0 3.17 42.95 46.12 OK
r-devel-linux-x86_64-fedora-clang 0.1.0 13.00 94.79 107.79 NOTE
r-devel-linux-x86_64-fedora-gcc 0.1.0 97.28 NOTE
r-devel-windows-x86_64 0.1.0 7.00 70.00 77.00 OK
r-patched-linux-x86_64 0.1.0 3.94 58.97 62.91 OK
r-release-linux-x86_64 0.1.0 4.17 59.66 63.83 OK
r-release-macos-arm64 0.1.0 OK
r-release-macos-x86_64 0.1.0 6.00 62.00 68.00 OK
r-release-windows-x86_64 0.1.0 6.00 68.00 74.00 OK
r-oldrel-macos-arm64 0.1.0 OK
r-oldrel-macos-x86_64 0.1.0 3.00 55.00 58.00 OK
r-oldrel-windows-x86_64 0.1.0 7.00 89.00 96.00 OK

Check Details

Version: 0.1.0
Check: dependencies in R code
Result: NOTE Namespace in Imports field not imported from: ‘RColorBrewer’ All declared Imports should be used. Flavors: r-devel-linux-x86_64-fedora-clang, r-devel-linux-x86_64-fedora-gcc