CRAN Package Check Results for Package CGE

Last updated on 2025-02-10 17:49:07 CET.

Flavor Version Tinstall Tcheck Ttotal Status Flags
r-devel-linux-x86_64-debian-clang 0.3.3 4.29 42.93 47.22 OK
r-devel-linux-x86_64-debian-gcc 0.3.3 3.68 29.20 32.88 OK
r-devel-linux-x86_64-fedora-clang 0.3.3 77.38 OK
r-devel-linux-x86_64-fedora-gcc 0.3.3 70.73 OK
r-devel-windows-x86_64 0.3.3 7.00 66.00 73.00 OK
r-patched-linux-x86_64 0.3.3 5.02 39.57 44.59 NOTE
r-release-linux-x86_64 0.3.3 4.20 40.22 44.42 NOTE
r-release-macos-arm64 0.3.3 30.00 NOTE
r-release-macos-x86_64 0.3.3 41.00 NOTE
r-release-windows-x86_64 0.3.3 6.00 66.00 72.00 NOTE
r-oldrel-macos-arm64 0.3.3 22.00 NOTE
r-oldrel-macos-x86_64 0.3.3 39.00 NOTE
r-oldrel-windows-x86_64 0.3.3 10.00 76.00 86.00 NOTE

Check Details

Version: 0.3.3
Check: LazyData
Result: NOTE 'LazyData' is specified without a 'data' directory Flavors: r-patched-linux-x86_64, r-release-linux-x86_64, r-release-macos-arm64, r-release-macos-x86_64, r-release-windows-x86_64, r-oldrel-macos-arm64, r-oldrel-macos-x86_64, r-oldrel-windows-x86_64