Last updated on 2025-02-10 17:49:07 CET.
Flavor | Version | Tinstall | Tcheck | Ttotal | Status | Flags |
---|---|---|---|---|---|---|
r-devel-linux-x86_64-debian-clang | 2.0 | 1.58 | 15.93 | 17.51 | OK | |
r-devel-linux-x86_64-debian-gcc | 2.0 | 1.35 | 13.47 | 14.82 | OK | |
r-devel-linux-x86_64-fedora-clang | 2.0 | 28.43 | OK | |||
r-devel-linux-x86_64-fedora-gcc | 2.0 | 26.69 | OK | |||
r-devel-windows-x86_64 | 2.0 | 3.00 | 36.00 | 39.00 | OK | |
r-patched-linux-x86_64 | 2.0 | 1.72 | 15.10 | 16.82 | NOTE | |
r-release-linux-x86_64 | 2.0 | 1.63 | 15.19 | 16.82 | NOTE | |
r-release-macos-arm64 | 2.0 | 18.00 | NOTE | |||
r-release-macos-x86_64 | 2.0 | 22.00 | NOTE | |||
r-release-windows-x86_64 | 2.0 | 2.00 | 36.00 | 38.00 | NOTE | |
r-oldrel-macos-arm64 | 2.0 | 15.00 | NOTE | |||
r-oldrel-macos-x86_64 | 2.0 | 18.00 | NOTE | |||
r-oldrel-windows-x86_64 | 2.0 | 3.00 | 36.00 | 39.00 | NOTE |
Version: 2.0
Check: LazyData
Result: NOTE
'LazyData' is specified without a 'data' directory
Flavors: r-patched-linux-x86_64, r-release-linux-x86_64, r-release-macos-arm64, r-release-macos-x86_64, r-release-windows-x86_64, r-oldrel-macos-arm64, r-oldrel-macos-x86_64, r-oldrel-windows-x86_64