Last updated on 2024-06-15 17:57:29 CEST.
Flavor | Version | Tinstall | Tcheck | Ttotal | Status | Flags |
---|---|---|---|---|---|---|
r-devel-linux-x86_64-debian-clang | 1.0-7 | 11.72 | 146.21 | 157.93 | OK | |
r-devel-linux-x86_64-debian-gcc | 1.0-7 | 9.88 | 112.79 | 122.67 | OK | |
r-devel-linux-x86_64-fedora-clang | 1.0-7 | 204.63 | OK | |||
r-devel-linux-x86_64-fedora-gcc | 1.0-7 | 204.99 | OK | |||
r-devel-windows-x86_64 | 1.0-7 | 12.00 | 135.00 | 147.00 | OK | |
r-patched-linux-x86_64 | 1.0-7 | 12.53 | 141.73 | 154.26 | OK | |
r-release-linux-x86_64 | 1.0-7 | 9.90 | 145.16 | 155.06 | OK | |
r-release-macos-arm64 | 1.0-7 | 62.00 | OK | |||
r-release-macos-x86_64 | 1.0-7 | 87.00 | OK | |||
r-release-windows-x86_64 | 1.0-7 | 13.00 | 24.00 | 37.00 | FAIL | |
r-oldrel-macos-arm64 | 1.0-7 | 58.00 | OK | |||
r-oldrel-macos-x86_64 | 1.0-7 | 73.00 | OK | |||
r-oldrel-windows-x86_64 | 1.0-7 | 15.00 | 160.00 | 175.00 | OK |
Version: 1.0-7
Check: whether the namespace can be unloaded cleanly
Result: WARN
Flavor: r-release-windows-x86_64
Version: 1.0-7
Check: dependencies in R code
Result: NOTE
Fatal error: couldn't allocate node stack
Flavor: r-release-windows-x86_64
Version: 1.0-7
Check: S3 generic/method consistency
Result: FAIL
Flavor: r-release-windows-x86_64