Last updated on 2024-06-15 17:57:29 CEST.
Flavor | Version | Tinstall | Tcheck | Ttotal | Status | Flags |
---|---|---|---|---|---|---|
r-devel-linux-x86_64-debian-clang | 0.2-41 | 6.74 | 52.36 | 59.10 | NOTE | |
r-devel-linux-x86_64-debian-gcc | 0.2-41 | 5.37 | 38.12 | 43.49 | NOTE | |
r-devel-linux-x86_64-fedora-clang | 0.2-41 | 71.40 | NOTE | |||
r-devel-linux-x86_64-fedora-gcc | 0.2-41 | 68.70 | NOTE | |||
r-devel-windows-x86_64 | 0.2-41 | 5.00 | 68.00 | 73.00 | NOTE | |
r-patched-linux-x86_64 | 0.2-41 | 7.13 | 49.94 | 57.07 | NOTE | |
r-release-linux-x86_64 | 0.2-41 | 5.22 | 48.96 | 54.18 | NOTE | |
r-release-macos-arm64 | 0.2-41 | 25.00 | OK | |||
r-release-macos-x86_64 | 0.2-41 | 41.00 | OK | |||
r-release-windows-x86_64 | 0.2-41 | 6.00 | 69.00 | 75.00 | NOTE | |
r-oldrel-macos-arm64 | 0.2-41 | 26.00 | OK | |||
r-oldrel-macos-x86_64 | 0.2-41 | 38.00 | OK | |||
r-oldrel-windows-x86_64 | 0.2-41 | 7.00 | 72.00 | 79.00 | OK |
Version: 0.2-41
Check: HTML version of manual
Result: NOTE
Found the following HTML validation problems:
bayes.lin.reg.html:27:32 (bayes.lin.reg.Rd:77): Warning: trimming empty <code>
bayes.lin.reg.html:32:32 (bayes.lin.reg.Rd:79): Warning: trimming empty <code>
Flavors: r-devel-linux-x86_64-debian-clang, r-devel-linux-x86_64-debian-gcc, r-devel-linux-x86_64-fedora-clang, r-devel-linux-x86_64-fedora-gcc, r-devel-windows-x86_64, r-patched-linux-x86_64, r-release-linux-x86_64, r-release-windows-x86_64