CRAN Package Check Results for Package BoardGames

Last updated on 2025-02-10 17:49:07 CET.

Flavor Version Tinstall Tcheck Ttotal Status Flags
r-devel-linux-x86_64-debian-clang 1.0.0 1.71 17.15 18.86 OK
r-devel-linux-x86_64-debian-gcc 1.0.0 1.52 13.87 15.39 OK
r-devel-linux-x86_64-fedora-clang 1.0.0 31.07 OK
r-devel-linux-x86_64-fedora-gcc 1.0.0 29.54 OK
r-devel-windows-x86_64 1.0.0 5.00 37.00 42.00 OK
r-patched-linux-x86_64 1.0.0 1.57 16.16 17.73 NOTE
r-release-linux-x86_64 1.0.0 1.92 16.35 18.27 NOTE
r-release-macos-arm64 1.0.0 20.00 NOTE
r-release-macos-x86_64 1.0.0 19.00 NOTE
r-release-windows-x86_64 1.0.0 4.00 36.00 40.00 NOTE
r-oldrel-macos-arm64 1.0.0 14.00 NOTE
r-oldrel-macos-x86_64 1.0.0 18.00 NOTE
r-oldrel-windows-x86_64 1.0.0 5.00 35.00 40.00 NOTE

Check Details

Version: 1.0.0
Check: LazyData
Result: NOTE 'LazyData' is specified without a 'data' directory Flavors: r-patched-linux-x86_64, r-release-linux-x86_64, r-release-macos-arm64, r-release-macos-x86_64, r-release-windows-x86_64, r-oldrel-macos-arm64, r-oldrel-macos-x86_64, r-oldrel-windows-x86_64