Last updated on 2025-11-26 05:51:29 CET.
| Flavor | Version | Tinstall | Tcheck | Ttotal | Status | Flags |
|---|---|---|---|---|---|---|
| r-devel-linux-x86_64-debian-clang | 1.4 | 6.60 | 62.96 | 69.56 | NOTE | |
| r-devel-linux-x86_64-debian-gcc | 1.4 | 4.93 | 43.40 | 48.33 | NOTE | |
| r-devel-linux-x86_64-fedora-clang | 1.4 | 15.00 | 92.74 | 107.74 | OK | |
| r-devel-linux-x86_64-fedora-gcc | 1.4 | 16.00 | 86.99 | 102.99 | OK | |
| r-devel-windows-x86_64 | 1.4 | 9.00 | 72.00 | 81.00 | OK | |
| r-patched-linux-x86_64 | 1.4 | 6.66 | 58.69 | 65.35 | OK | |
| r-release-linux-x86_64 | 1.4 | 6.55 | 59.08 | 65.63 | OK | |
| r-release-macos-arm64 | 1.4 | OK | ||||
| r-release-macos-x86_64 | 1.4 | 5.00 | 46.00 | 51.00 | OK | |
| r-release-windows-x86_64 | 1.4 | 8.00 | 69.00 | 77.00 | OK | |
| r-oldrel-macos-arm64 | 1.4 | OK | ||||
| r-oldrel-macos-x86_64 | 1.4 | 4.00 | 48.00 | 52.00 | OK | |
| r-oldrel-windows-x86_64 | 1.4 | 12.00 | 89.00 | 101.00 | OK |
Version: 1.4
Check: CRAN incoming feasibility
Result: NOTE
Maintainer: ‘Blondeau Da Silva Stephane <Stephane.Blondeau-Da-Silva@ac-limoges.fr>’
No Authors@R field in DESCRIPTION.
Please add one, modifying
Authors@R: person(given = c("Blondeau", "Da", "Silva"),
family = "Stephane",
role = c("aut", "cre"),
email = "stephane.blondeau-da-silva@ac-limoges.fr")
as necessary.
Flavors: r-devel-linux-x86_64-debian-clang, r-devel-linux-x86_64-debian-gcc