Last updated on 2025-02-05 17:49:52 CET.
Flavor | Version | Tinstall | Tcheck | Ttotal | Status | Flags |
---|---|---|---|---|---|---|
r-devel-linux-x86_64-debian-clang | 1.1.0 | 6.36 | 73.61 | 79.97 | OK | |
r-devel-linux-x86_64-debian-gcc | 1.1.0 | 5.33 | 49.53 | 54.86 | OK | |
r-devel-linux-x86_64-fedora-clang | 1.1.0 | 131.90 | NOTE | |||
r-devel-linux-x86_64-fedora-gcc | 1.1.0 | 142.20 | NOTE | |||
r-devel-windows-x86_64 | 1.1.0 | 8.00 | 93.00 | 101.00 | OK | |
r-patched-linux-x86_64 | 1.1.0 | 7.31 | 63.24 | 70.55 | OK | |
r-release-linux-x86_64 | 1.1.0 | 6.97 | 65.00 | 71.97 | OK | |
r-release-macos-arm64 | 1.1.0 | 50.00 | OK | |||
r-release-macos-x86_64 | 1.1.0 | 79.00 | OK | |||
r-release-windows-x86_64 | 1.1.0 | 7.00 | 93.00 | 100.00 | OK | |
r-oldrel-macos-arm64 | 1.1.0 | 53.00 | OK | |||
r-oldrel-macos-x86_64 | 1.1.0 | 91.00 | OK | |||
r-oldrel-windows-x86_64 | 1.1.0 | 10.00 | 100.00 | 110.00 | OK |
Version: 1.1.0
Check: dependencies in R code
Result: NOTE
Namespaces in Imports field not imported from:
‘MASS’ ‘Matrix’ ‘matrixcalc’ ‘stats’
All declared Imports should be used.
Flavors: r-devel-linux-x86_64-fedora-clang, r-devel-linux-x86_64-fedora-gcc