Last updated on 2024-06-29 06:49:36 CEST.
Flavor | Version | Tinstall | Tcheck | Ttotal | Status | Flags |
---|---|---|---|---|---|---|
r-devel-linux-x86_64-debian-clang | 1.1.2 | 127.73 | 298.70 | 426.43 | OK | |
r-devel-linux-x86_64-debian-gcc | 1.1.2 | 95.67 | 193.47 | 289.14 | OK | |
r-devel-linux-x86_64-fedora-clang | 1.1.2 | 561.39 | OK | |||
r-devel-linux-x86_64-fedora-gcc | 1.1.2 | 623.84 | OK | |||
r-devel-windows-x86_64 | 1.1.2 | 99.00 | 526.00 | 625.00 | OK | |
r-patched-linux-x86_64 | 1.1.2 | 110.39 | 311.34 | 421.73 | OK | |
r-release-linux-x86_64 | 1.1.2 | 123.46 | 312.15 | 435.61 | OK | |
r-release-macos-arm64 | 1.1.2 | 143.00 | NOTE | |||
r-release-macos-x86_64 | 1.1.2 | 191.00 | NOTE | |||
r-release-windows-x86_64 | 1.1.2 | 100.00 | 528.00 | 628.00 | OK | |
r-oldrel-macos-arm64 | 1.1.2 | 145.00 | NOTE | |||
r-oldrel-macos-x86_64 | 1.1.2 | 329.00 | NOTE | |||
r-oldrel-windows-x86_64 | 1.1.2 | 122.00 | 540.00 | 662.00 | OK |
Version: 1.1.2
Check: installed package size
Result: NOTE
installed size is 13.0Mb
sub-directories of 1Mb or more:
libs 12.7Mb
Flavors: r-release-macos-arm64, r-release-macos-x86_64, r-oldrel-macos-arm64, r-oldrel-macos-x86_64