CRAN Package Check Results for Package BayesGWQS

Last updated on 2025-11-26 05:51:28 CET.

Flavor Version Tinstall Tcheck Ttotal Status Flags
r-devel-linux-x86_64-debian-clang 0.1.1 1.96 23.86 25.82 NOTE
r-devel-linux-x86_64-debian-gcc 0.1.1 1.60 19.27 20.87 NOTE
r-devel-linux-x86_64-fedora-clang 0.1.1 39.36 NOTE
r-devel-linux-x86_64-fedora-gcc 0.1.1 36.55 NOTE
r-devel-windows-x86_64 0.1.1 3.00 41.00 44.00 OK
r-patched-linux-x86_64 0.1.1 2.02 22.22 24.24 OK
r-release-linux-x86_64 0.1.1 1.69 22.82 24.51 OK
r-release-macos-arm64 0.1.1 OK
r-release-macos-x86_64 0.1.1 2.00 30.00 32.00 OK
r-release-windows-x86_64 0.1.1 4.00 41.00 45.00 OK
r-oldrel-macos-arm64 0.1.1 OK
r-oldrel-macos-x86_64 0.1.1 2.00 31.00 33.00 OK
r-oldrel-windows-x86_64 0.1.1 4.00 48.00 52.00 OK

Check Details

Version: 0.1.1
Check: CRAN incoming feasibility
Result: NOTE Maintainer: ‘Matthew Carli <carlimm@mymail.vcu.edu>’ No Authors@R field in DESCRIPTION. Please add one, modifying Authors@R: c(person(given = "David", family = "Wheeler", role = "aut"), person(given = "Matthew", family = "Carli", role = c("aut", "cre"), email = "carlimm@mymail.vcu.edu")) as necessary. Flavors: r-devel-linux-x86_64-debian-clang, r-devel-linux-x86_64-debian-gcc

Version: 0.1.1
Check: dependencies in R code
Result: NOTE Namespace in Imports field not imported from: ‘plyr’ All declared Imports should be used. Flavors: r-devel-linux-x86_64-fedora-clang, r-devel-linux-x86_64-fedora-gcc