Last updated on 2025-11-26 05:51:29 CET.
| Flavor | Version | Tinstall | Tcheck | Ttotal | Status | Flags |
|---|---|---|---|---|---|---|
| r-devel-linux-x86_64-debian-clang | 0.1-10 | 8.23 | 87.94 | 96.17 | NOTE | |
| r-devel-linux-x86_64-debian-gcc | 0.1-10 | 6.72 | 65.92 | 72.64 | NOTE | |
| r-devel-linux-x86_64-fedora-clang | 0.1-10 | 52.00 | 109.77 | 161.77 | OK | |
| r-devel-linux-x86_64-fedora-gcc | 0.1-10 | 23.00 | 122.56 | 145.56 | OK | |
| r-devel-windows-x86_64 | 0.1-10 | 13.00 | 103.00 | 116.00 | OK | |
| r-patched-linux-x86_64 | 0.1-10 | 9.66 | 83.04 | 92.70 | OK | |
| r-release-linux-x86_64 | 0.1-10 | 9.64 | 83.30 | 92.94 | OK | |
| r-release-macos-arm64 | 0.1-10 | OK | ||||
| r-release-macos-x86_64 | 0.1-10 | 9.00 | 78.00 | 87.00 | OK | |
| r-release-windows-x86_64 | 0.1-10 | 11.00 | 115.00 | 126.00 | OK | |
| r-oldrel-macos-arm64 | 0.1-10 | OK | ||||
| r-oldrel-macos-x86_64 | 0.1-10 | 6.00 | 61.00 | 67.00 | OK | |
| r-oldrel-windows-x86_64 | 0.1-10 | 16.00 | 127.00 | 143.00 | OK |
Version: 0.1-10
Check: CRAN incoming feasibility
Result: NOTE
Maintainer: ‘Frank Schaarschmidt <schaarschmidt@biostat.uni-hannover.de>’
No Authors@R field in DESCRIPTION.
Please add one, modifying
Authors@R: person(given = "Frank",
family = "Schaarschmidt",
role = c("aut", "cre"),
email = "schaarschmidt@biostat.uni-hannover.de")
as necessary.
Flavors: r-devel-linux-x86_64-debian-clang, r-devel-linux-x86_64-debian-gcc