Last updated on 2025-11-04 06:49:31 CET.
| Flavor | Version | Tinstall | Tcheck | Ttotal | Status | Flags | 
|---|---|---|---|---|---|---|
| r-devel-linux-x86_64-debian-clang | 0.2.0 | 2.21 | 23.62 | 25.83 | NOTE | |
| r-devel-linux-x86_64-debian-gcc | 0.2.0 | 1.57 | 18.99 | 20.56 | NOTE | |
| r-devel-linux-x86_64-fedora-clang | 0.2.0 | 38.06 | NOTE | |||
| r-devel-linux-x86_64-fedora-gcc | 0.2.0 | 36.31 | NOTE | |||
| r-devel-windows-x86_64 | 0.2.0 | 3.00 | 44.00 | 47.00 | OK | |
| r-patched-linux-x86_64 | 0.2.0 | 2.49 | 22.13 | 24.62 | NOTE | |
| r-release-linux-x86_64 | 0.2.0 | 1.76 | 22.09 | 23.85 | NOTE | |
| r-release-macos-arm64 | 0.2.0 | 1.00 | 15.00 | 16.00 | OK | |
| r-release-macos-x86_64 | 0.2.0 | 3.00 | 33.00 | 36.00 | OK | |
| r-release-windows-x86_64 | 0.2.0 | 3.00 | 41.00 | 44.00 | OK | |
| r-oldrel-macos-arm64 | 0.2.0 | 1.00 | 19.00 | 20.00 | OK | |
| r-oldrel-macos-x86_64 | 0.2.0 | 2.00 | 19.00 | 21.00 | OK | |
| r-oldrel-windows-x86_64 | 0.2.0 | 3.00 | 49.00 | 52.00 | OK | 
Version: 0.2.0
Check: CRAN incoming feasibility
Result: NOTE
  Maintainer: ‘Josué M. Polanco-Martínez <josue.m.polanco@gmail.com>’
  
  Found the following (possibly) invalid file URIs:
    URI: josue.m.polanco@gmail.com
      From: man/BINCOR-package.Rd
    URI: josue.m.polanco@gmail.com
      From: man/bin_cor.Rd
    URI: josue.m.polanco@gmail.com
      From: man/ccf_ts.Rd
    URI: josue.m.polanco@gmail.com
      From: man/cor_ts.Rd
    URI: josue.m.polanco@gmail.com
      From: man/plot_ts.Rd
    URI: mvkorpel@iki.fi
      From: man/redfitMinls.Rd
    URI: mvkorpel@iki.fi
      From: man/redfitTauest.Rd
Flavors: r-devel-linux-x86_64-debian-clang, r-devel-linux-x86_64-debian-gcc
Version: 0.2.0
Check: for non-standard things in the check directory
Result: NOTE
  Found the following files/directories:
    ‘ccf_ccf_ID31_ID32_res.jpg’ ‘ccf_ccf_ID31_ID32_res.pdf’
    ‘output_ENSO_NHSST.tmp’ ‘plot_plot_ts_RAW_BIN_enso_sst.pdf’
    ‘plot_plot_ts_RAW_BIN_enso_sst01.png’
    ‘plot_plot_ts_RAW_BIN_enso_sst02.png’
    ‘plot_plot_ts_RAW_BIN_enso_sst03.png’
    ‘plot_plot_ts_RAW_BIN_enso_sst04.png’ ‘plot_ts_ACER_ABRUPT.pdf’
    ‘plot_ts_ACER_ABRUPT01.png’ ‘plot_ts_ACER_ABRUPT02.png’
    ‘plot_ts_ACER_ABRUPT03.png’ ‘plot_ts_ACER_ABRUPT04.png’
    ‘salida_ACER_ABRUPT.tmp’ ‘scaterplot_scatterplot_ENSO_SST.jpg’
    ‘scaterplot_scatterplot_ENSO_SST.pdf’
Flavors: r-devel-linux-x86_64-debian-clang, r-devel-linux-x86_64-debian-gcc, r-devel-linux-x86_64-fedora-clang, r-devel-linux-x86_64-fedora-gcc, r-patched-linux-x86_64, r-release-linux-x86_64