Last updated on 2025-02-05 17:49:52 CET.
Flavor | Version | Tinstall | Tcheck | Ttotal | Status | Flags |
---|---|---|---|---|---|---|
r-devel-linux-x86_64-debian-clang | 0.2.0 | 4.94 | 95.28 | 100.22 | OK | |
r-devel-linux-x86_64-debian-gcc | 0.2.0 | 3.16 | 62.37 | 65.53 | OK | |
r-devel-linux-x86_64-fedora-clang | 0.2.0 | 162.61 | OK | |||
r-devel-linux-x86_64-fedora-gcc | 0.2.0 | 170.64 | OK | |||
r-devel-windows-x86_64 | 0.2.0 | 7.00 | 113.00 | 120.00 | OK | |
r-patched-linux-x86_64 | 0.2.0 | 4.89 | 92.77 | 97.66 | NOTE | |
r-release-linux-x86_64 | 0.2.0 | 3.70 | 92.05 | 95.75 | NOTE | |
r-release-macos-arm64 | 0.2.0 | 61.00 | NOTE | |||
r-release-macos-x86_64 | 0.2.0 | 86.00 | NOTE | |||
r-release-windows-x86_64 | 0.2.0 | 6.00 | 108.00 | 114.00 | NOTE | |
r-oldrel-macos-arm64 | 0.2.0 | 52.00 | NOTE | |||
r-oldrel-macos-x86_64 | 0.2.0 | 100.00 | NOTE | |||
r-oldrel-windows-x86_64 | 0.2.0 | 8.00 | 136.00 | 144.00 | NOTE |
Version: 0.2.0
Check: LazyData
Result: NOTE
'LazyData' is specified without a 'data' directory
Flavors: r-patched-linux-x86_64, r-release-linux-x86_64, r-release-macos-arm64, r-release-macos-x86_64, r-release-windows-x86_64, r-oldrel-macos-arm64, r-oldrel-macos-x86_64, r-oldrel-windows-x86_64