Last updated on 2025-11-26 05:51:28 CET.
| Flavor | Version | Tinstall | Tcheck | Ttotal | Status | Flags |
|---|---|---|---|---|---|---|
| r-devel-linux-x86_64-debian-clang | 1.0.6 | 10.65 | 33.03 | 43.68 | OK | |
| r-devel-linux-x86_64-debian-gcc | 1.0.6 | 5.69 | 26.23 | 31.92 | OK | |
| r-devel-linux-x86_64-fedora-clang | 1.0.6 | 21.00 | 44.82 | 65.82 | NOTE | |
| r-devel-linux-x86_64-fedora-gcc | 1.0.6 | 20.00 | 54.51 | 74.51 | NOTE | |
| r-devel-windows-x86_64 | 1.0.6 | 15.00 | 54.00 | 69.00 | OK | |
| r-patched-linux-x86_64 | 1.0.6 | 10.64 | 28.92 | 39.56 | OK | |
| r-release-linux-x86_64 | 1.0.6 | 8.46 | 29.03 | 37.49 | OK | |
| r-release-macos-arm64 | 1.0.6 | OK | ||||
| r-release-macos-x86_64 | 1.0.6 | 8.00 | 43.00 | 51.00 | OK | |
| r-release-windows-x86_64 | 1.0.6 | 10.00 | 55.00 | 65.00 | OK | |
| r-oldrel-macos-arm64 | 1.0.6 | OK | ||||
| r-oldrel-macos-x86_64 | 1.0.6 | 11.00 | 41.00 | 52.00 | OK | |
| r-oldrel-windows-x86_64 | 1.0.6 | 16.00 | 68.00 | 84.00 | OK |
Version: 1.0.6
Check: dependencies in R code
Result: NOTE
Namespaces in Imports field not imported from:
‘R6’ ‘jose’ ‘openssl’
All declared Imports should be used.
Flavors: r-devel-linux-x86_64-fedora-clang, r-devel-linux-x86_64-fedora-gcc