Last updated on 2024-08-16 06:49:55 CEST.
Flavor | Version | Tinstall | Tcheck | Ttotal | Status | Flags |
---|---|---|---|---|---|---|
r-devel-linux-x86_64-debian-clang | 0.1.6 | 17.33 | 149.97 | 167.30 | OK | |
r-devel-linux-x86_64-debian-gcc | 0.1.6 | 13.30 | 105.97 | 119.27 | OK | |
r-devel-linux-x86_64-fedora-clang | 0.1.6 | 277.38 | OK | |||
r-devel-linux-x86_64-fedora-gcc | 0.1.6 | 255.31 | OK | |||
r-devel-windows-x86_64 | 0.1.6 | 20.00 | 136.00 | 156.00 | OK | |
r-patched-linux-x86_64 | 0.1.6 | 17.25 | 142.62 | 159.87 | OK | |
r-release-linux-x86_64 | 0.1.6 | 17.62 | 143.77 | 161.39 | OK | |
r-release-macos-arm64 | 0.1.6 | 73.00 | OK | |||
r-release-macos-x86_64 | 0.1.6 | 113.00 | OK | |||
r-release-windows-x86_64 | 0.1.6 | 19.00 | 140.00 | 159.00 | OK | |
r-oldrel-macos-arm64 | 0.1.6 | 6.00 | ERROR | |||
r-oldrel-macos-x86_64 | 0.1.6 | 134.00 | OK | |||
r-oldrel-windows-x86_64 | 0.1.6 | 27.00 | 181.00 | 208.00 | OK |
Version: 0.1.6
Check: package dependencies
Result: ERROR
Packages required but not available: 'siggenes', 'clusterProfiler'
See section ‘The DESCRIPTION file’ in the ‘Writing R Extensions’
manual.
Flavor: r-oldrel-macos-arm64