CRAN Package Check Results for Package AlphaSimR

Last updated on 2025-06-30 18:49:35 CEST.

Flavor Version Tinstall Tcheck Ttotal Status Flags
r-devel-linux-x86_64-debian-clang 1.6.1 204.42 87.68 292.10 OK
r-devel-linux-x86_64-debian-gcc 1.6.1 148.91 60.11 209.02 OK
r-devel-linux-x86_64-fedora-clang 1.6.1 509.80 OK
r-devel-linux-x86_64-fedora-gcc 1.6.1 540.67 OK
r-devel-windows-x86_64 1.6.1 218.00 158.00 376.00 OK
r-patched-linux-x86_64 OK
r-release-linux-x86_64 1.6.1 212.75 79.39 292.14 OK
r-release-macos-arm64 1.6.1 127.00 OK
r-release-macos-x86_64 1.6.1 163.00 OK
r-release-windows-x86_64 1.6.1 215.00 156.00 371.00 OK
r-oldrel-macos-arm64 1.6.1 117.00 NOTE
r-oldrel-macos-x86_64 1.6.1 182.00 NOTE
r-oldrel-windows-x86_64 1.6.1 257.00 179.00 436.00 OK

Check Details

Version: 1.6.1
Check: installed package size
Result: NOTE installed size is 19.5Mb sub-directories of 1Mb or more: libs 18.2Mb Flavors: r-oldrel-macos-arm64, r-oldrel-macos-x86_64