CRAN Package Check Results for Package AhoCorasickTrie

Last updated on 2025-02-05 17:49:51 CET.

Flavor Version Tinstall Tcheck Ttotal Status Flags
r-devel-linux-x86_64-debian-clang 0.1.2 11.48 34.65 46.13 NOTE
r-devel-linux-x86_64-debian-gcc 0.1.2 10.86 27.52 38.38 NOTE
r-devel-linux-x86_64-fedora-clang 0.1.3 70.22 OK
r-devel-linux-x86_64-fedora-gcc 0.1.3 77.64 OK
r-devel-windows-x86_64 0.1.2 16.00 75.00 91.00 NOTE
r-patched-linux-x86_64 0.1.2 12.16 32.34 44.50 NOTE
r-release-linux-x86_64 0.1.2 14.85 32.26 47.11 NOTE
r-release-macos-arm64 0.1.2 35.00 NOTE
r-release-macos-x86_64 0.1.3 71.00 OK
r-release-windows-x86_64 0.1.2 14.00 71.00 85.00 NOTE
r-oldrel-macos-arm64 0.1.2 32.00 NOTE
r-oldrel-macos-x86_64 0.1.2 51.00 NOTE
r-oldrel-windows-x86_64 0.1.3 21.00 79.00 100.00 OK

Check Details

Version: 0.1.2
Check: C++ specification
Result: NOTE Specified C++11: please drop specification unless essential Flavors: r-devel-linux-x86_64-debian-clang, r-devel-linux-x86_64-debian-gcc, r-devel-windows-x86_64, r-patched-linux-x86_64, r-release-linux-x86_64, r-release-macos-arm64, r-release-windows-x86_64, r-oldrel-macos-arm64, r-oldrel-macos-x86_64

Version: 0.1.2
Check: LazyData
Result: NOTE 'LazyData' is specified without a 'data' directory Flavors: r-patched-linux-x86_64, r-release-linux-x86_64, r-release-macos-arm64, r-release-windows-x86_64, r-oldrel-macos-arm64, r-oldrel-macos-x86_64