Last updated on 2024-06-29 06:49:35 CEST.
Flavor | Version | Tinstall | Tcheck | Ttotal | Status | Flags |
---|---|---|---|---|---|---|
r-devel-linux-x86_64-debian-clang | 1.2.0 | 100.97 | 281.51 | 382.48 | OK | |
r-devel-linux-x86_64-debian-gcc | 1.2.0 | 64.27 | 209.42 | 273.69 | OK | |
r-devel-linux-x86_64-fedora-clang | 1.2.0 | 504.30 | OK | |||
r-devel-linux-x86_64-fedora-gcc | 1.2.0 | 503.01 | OK | |||
r-devel-windows-x86_64 | 1.2.0 | 75.00 | 231.00 | 306.00 | OK | |
r-patched-linux-x86_64 | 1.2.0 | 80.07 | 252.93 | 333.00 | OK | |
r-release-linux-x86_64 | 1.2.0 | 59.34 | 275.03 | 334.37 | OK | |
r-release-macos-arm64 | 1.2.0 | 131.00 | NOTE | |||
r-release-macos-x86_64 | 1.2.0 | 227.00 | NOTE | |||
r-release-windows-x86_64 | 1.2.0 | 72.00 | 235.00 | 307.00 | OK | |
r-oldrel-macos-arm64 | 1.2.0 | 146.00 | NOTE | |||
r-oldrel-macos-x86_64 | 1.2.0 | 316.00 | NOTE | |||
r-oldrel-windows-x86_64 | 1.2.0 | 88.00 | 297.00 | 385.00 | OK |
Version: 1.2.0
Check: installed package size
Result: NOTE
installed size is 5.2Mb
sub-directories of 1Mb or more:
help 1.1Mb
libs 3.0Mb
Flavors: r-release-macos-arm64, r-release-macos-x86_64, r-oldrel-macos-arm64, r-oldrel-macos-x86_64