Last updated on 2025-02-10 17:49:06 CET.
Flavor | Version | Tinstall | Tcheck | Ttotal | Status | Flags |
---|---|---|---|---|---|---|
r-devel-linux-x86_64-debian-clang | 1.1.2 | 7.50 | 205.00 | 212.50 | OK | |
r-devel-linux-x86_64-debian-gcc | 1.1.2 | 5.30 | 123.47 | 128.77 | OK | |
r-devel-linux-x86_64-fedora-clang | 1.1.2 | 327.69 | OK | |||
r-devel-linux-x86_64-fedora-gcc | 1.1.2 | 278.55 | OK | |||
r-devel-windows-x86_64 | 1.1.2 | 9.00 | 226.00 | 235.00 | ERROR | |
r-patched-linux-x86_64 | 1.1.2 | 6.32 | 163.08 | 169.40 | OK | |
r-release-linux-x86_64 | 1.1.2 | 6.22 | 160.30 | 166.52 | OK | |
r-release-macos-arm64 | 1.1.2 | 133.00 | OK | |||
r-release-macos-x86_64 | 1.1.2 | 236.00 | OK | |||
r-release-windows-x86_64 | 1.1.2 | 9.00 | 225.00 | 234.00 | ERROR | |
r-oldrel-macos-arm64 | 1.1.0 | 140.00 | OK | |||
r-oldrel-macos-x86_64 | 1.1.0 | 225.00 | OK | |||
r-oldrel-windows-x86_64 | 1.1.2 | 11.00 | 257.00 | 268.00 | OK |
Version: 1.1.2
Check: tests
Result: ERROR
Running 'testthat.R' [158s]
Running the tests in 'tests/testthat.R' failed.
Complete output:
> # This file is part of the standard setup for testthat.
> # It is recommended that you do not modify it.
> #
> # Where should you do additional test configuration?
> # Learn more about the roles of various files in:
> # * https://r-pkgs.org/tests.html
> # * https://testthat.r-lib.org/reference/test_package.html#special-files
>
> # Setting the CPU Thread limit to max 2 to meet CRAN guidelines.
> Sys.setenv("OMP_THREAD_LIMIT" = 2)
>
> library(testthat)
> library(APCalign)
>
> test_check("APCalign")
Loading resources into memory...
===========================
=====================================================
================================================================================
...done
API currently down, try again later
[ FAIL 1 | WARN 0 | SKIP 1 | PASS 100 ]
══ Skipped tests (1) ═══════════════════════════════════════════════════════════
• On CRAN (1): 'test-connection.R:3:3'
══ Failed tests ════════════════════════════════════════════════════════════════
── Failure ('test-versions.R:8:3'): Retrieval is possible ──────────────────────
`versions` does not have names.
[ FAIL 1 | WARN 0 | SKIP 1 | PASS 100 ]
Error: Test failures
Execution halted
Flavors: r-devel-windows-x86_64, r-release-windows-x86_64