Last updated on 2025-11-04 06:49:30 CET.
| Flavor | Version | Tinstall | Tcheck | Ttotal | Status | Flags | 
|---|---|---|---|---|---|---|
| r-devel-linux-x86_64-debian-clang | 3.0.1 | 24.32 | 216.51 | 240.83 | OK | |
| r-devel-linux-x86_64-debian-gcc | 3.0.1 | 16.67 | 139.78 | 156.45 | OK | |
| r-devel-linux-x86_64-fedora-clang | 3.0.1 | 70.00 | 325.25 | 395.25 | OK | |
| r-devel-linux-x86_64-fedora-gcc | 3.0.1 | 59.00 | 311.75 | 370.75 | OK | |
| r-devel-windows-x86_64 | 3.0.1 | 30.00 | 219.00 | 249.00 | OK | |
| r-patched-linux-x86_64 | 3.0.1 | 29.12 | 201.95 | 231.07 | OK | |
| r-release-linux-x86_64 | 3.0.1 | 22.70 | 200.49 | 223.19 | OK | |
| r-release-macos-arm64 | 3.0.1 | 14.00 | 106.00 | 120.00 | OK | |
| r-release-macos-x86_64 | 3.0.1 | 25.00 | 214.00 | 239.00 | OK | |
| r-release-windows-x86_64 | 3.0.1 | 31.00 | 216.00 | 247.00 | OK | |
| r-oldrel-macos-arm64 | 3.0.1 | 16.00 | 129.00 | 145.00 | NOTE | |
| r-oldrel-macos-x86_64 | 3.0.1 | 26.00 | 212.00 | 238.00 | NOTE | |
| r-oldrel-windows-x86_64 | 3.0.1 | 32.00 | 292.00 | 324.00 | OK | 
Version: 3.0.1
Check: installed package size
Result: NOTE
    installed size is  6.9Mb
    sub-directories of 1Mb or more:
      R      2.2Mb
      data   4.0Mb
Flavors: r-oldrel-macos-arm64, r-oldrel-macos-x86_64