CRAN Package Check Results for Package ALS

Last updated on 2025-11-26 05:51:28 CET.

Flavor Version Tinstall Tcheck Ttotal Status Flags
r-devel-linux-x86_64-debian-clang 0.0.7 2.52 23.80 26.32 NOTE
r-devel-linux-x86_64-debian-gcc 0.0.7 1.78 18.55 20.33 NOTE
r-devel-linux-x86_64-fedora-clang 0.0.7 38.50 OK
r-devel-linux-x86_64-fedora-gcc 0.0.7 36.70 OK
r-devel-windows-x86_64 0.0.7 5.00 44.00 49.00 OK
r-patched-linux-x86_64 0.0.7 2.64 22.44 25.08 OK
r-release-linux-x86_64 0.0.7 2.38 22.61 24.99 OK
r-release-macos-arm64 0.0.7 OK
r-release-macos-x86_64 0.0.7 4.00 26.00 30.00 OK
r-release-windows-x86_64 0.0.7 5.00 42.00 47.00 OK
r-oldrel-macos-arm64 0.0.7 OK
r-oldrel-macos-x86_64 0.0.7 3.00 22.00 25.00 OK
r-oldrel-windows-x86_64 0.0.7 4.00 44.00 48.00 OK

Check Details

Version: 0.0.7
Check: CRAN incoming feasibility
Result: NOTE Maintainer: ‘Katharine Mullen <mullenkate@gmail.com>’ No Authors@R field in DESCRIPTION. Please add one, modifying Authors@R: c(person(given = c("Katharine", "M."), family = "Mullen", role = "aut"), person(given = "Katharine", family = "Mullen", role = "cre", email = "mullenkate@gmail.com")) as necessary. Flavors: r-devel-linux-x86_64-debian-clang, r-devel-linux-x86_64-debian-gcc