Last updated on 2025-11-04 06:49:30 CET.
| Flavor | Version | Tinstall | Tcheck | Ttotal | Status | Flags | 
|---|---|---|---|---|---|---|
| r-devel-linux-x86_64-debian-clang | 0.1.0 | 6.17 | 61.13 | 67.30 | NOTE | |
| r-devel-linux-x86_64-debian-gcc | 0.1.0 | 5.25 | 44.44 | 49.69 | NOTE | |
| r-devel-linux-x86_64-fedora-clang | 0.1.0 | 13.00 | 94.22 | 107.22 | OK | |
| r-devel-linux-x86_64-fedora-gcc | 0.1.0 | 32.00 | 76.58 | 108.58 | OK | |
| r-devel-windows-x86_64 | 0.1.0 | 9.00 | 84.00 | 93.00 | OK | |
| r-patched-linux-x86_64 | 0.1.0 | 6.12 | 58.36 | 64.48 | OK | |
| r-release-linux-x86_64 | 0.1.0 | 6.08 | 58.73 | 64.81 | OK | |
| r-release-macos-arm64 | 0.1.0 | 4.00 | 27.00 | 31.00 | OK | |
| r-release-macos-x86_64 | 0.1.0 | 5.00 | 42.00 | 47.00 | OK | |
| r-release-windows-x86_64 | 0.1.0 | 9.00 | 83.00 | 92.00 | OK | |
| r-oldrel-macos-arm64 | 0.1.0 | 3.00 | 25.00 | 28.00 | NOTE | |
| r-oldrel-macos-x86_64 | 0.1.0 | 5.00 | 36.00 | 41.00 | NOTE | |
| r-oldrel-windows-x86_64 | 0.1.0 | 12.00 | 87.00 | 99.00 | NOTE | 
Version: 0.1.0
Check: CRAN incoming feasibility
Result: NOTE
  Maintainer: ‘Elisabeth Dahlqwist <elisabeth.dahlqwist88@gmail.com>’
  
  No Authors@R field in DESCRIPTION.
  Please add one, modifying
    Authors@R: person(given = "Elisabeth",
                      family = "Dahlqwist",
                      role = c("aut", "cre"),
                      email = "elisabeth.dahlqwist88@gmail.com")
  as necessary.
Flavors: r-devel-linux-x86_64-debian-clang, r-devel-linux-x86_64-debian-gcc
Version: 0.1.0
Check: LazyData
Result: NOTE
    'LazyData' is specified without a 'data' directory
Flavors: r-oldrel-macos-arm64, r-oldrel-macos-x86_64, r-oldrel-windows-x86_64