Last updated on 2025-02-05 17:49:51 CET.
Flavor | Version | Tinstall | Tcheck | Ttotal | Status | Flags |
---|---|---|---|---|---|---|
r-devel-linux-x86_64-debian-clang | 0.1.0 | 62.88 | 27.15 | 90.03 | OK | |
r-devel-linux-x86_64-debian-gcc | 0.1.0 | 47.36 | 26.57 | 73.93 | OK | |
r-devel-linux-x86_64-fedora-clang | 0.1.0 | 181.45 | OK | |||
r-devel-linux-x86_64-fedora-gcc | 0.1.0 | 187.48 | OK | |||
r-devel-windows-x86_64 | 0.1.0 | 70.00 | 71.00 | 141.00 | OK | |
r-patched-linux-x86_64 | 0.1.0 | 63.74 | 32.89 | 96.63 | OK | |
r-release-linux-x86_64 | 0.1.0 | 64.99 | 33.01 | 98.00 | OK | |
r-release-macos-arm64 | 0.1.0 | 46.00 | NOTE | |||
r-release-macos-x86_64 | 0.1.0 | 58.00 | NOTE | |||
r-release-windows-x86_64 | 0.1.0 | 68.00 | 69.00 | 137.00 | OK | |
r-oldrel-macos-arm64 | 0.1.0 | 41.00 | NOTE | |||
r-oldrel-macos-x86_64 | 0.1.0 | 64.00 | NOTE | |||
r-oldrel-windows-x86_64 | 0.1.0 | 86.00 | 83.00 | 169.00 | OK |
Version: 0.1.0
Check: installed package size
Result: NOTE
installed size is 11.9Mb
sub-directories of 1Mb or more:
libs 11.8Mb
Flavors: r-release-macos-arm64, r-release-macos-x86_64, r-oldrel-macos-arm64, r-oldrel-macos-x86_64