CRAN Package Check Results for Package unglue

Last updated on 2025-11-04 13:50:28 CET.

Flavor Version Tinstall Tcheck Ttotal Status Flags
r-devel-linux-x86_64-debian-clang 0.1.0 1.98 23.56 25.54 OK
r-devel-linux-x86_64-debian-gcc 0.1.0 1.60 19.41 21.01 OK
r-devel-linux-x86_64-fedora-clang 0.1.0 36.38 OK
r-devel-linux-x86_64-fedora-gcc 0.1.0 48.66 OK
r-devel-windows-x86_64 0.1.0 3.00 41.00 44.00 OK
r-patched-linux-x86_64 0.1.0 2.07 21.34 23.41 OK
r-release-linux-x86_64 0.1.0 1.96 21.09 23.05 OK
r-release-macos-arm64 0.1.0 1.00 27.00 28.00 OK
r-release-macos-x86_64 0.1.0 2.00 41.00 43.00 OK
r-release-windows-x86_64 0.1.0 4.00 40.00 44.00 OK
r-oldrel-macos-arm64 0.1.0 1.00 19.00 20.00 NOTE
r-oldrel-macos-x86_64 0.1.0 2.00 30.00 32.00 NOTE
r-oldrel-windows-x86_64 0.1.0 4.00 48.00 52.00 NOTE

Check Details

Version: 0.1.0
Check: LazyData
Result: NOTE 'LazyData' is specified without a 'data' directory Flavors: r-oldrel-macos-arm64, r-oldrel-macos-x86_64, r-oldrel-windows-x86_64