CRAN Package Check Results for Package ultrapolaRplot

Last updated on 2025-11-04 13:50:28 CET.

Flavor Version Tinstall Tcheck Ttotal Status Flags
r-devel-linux-x86_64-debian-clang 0.1.1 6.72 65.92 72.64 NOTE
r-devel-linux-x86_64-debian-gcc 0.1.1 4.90 44.97 49.87 NOTE
r-devel-linux-x86_64-fedora-clang 0.1.1 29.00 92.37 121.37 NOTE
r-devel-linux-x86_64-fedora-gcc 0.1.1 15.00 91.99 106.99 NOTE
r-devel-windows-x86_64 0.1.1 8.00 71.00 79.00 NOTE
r-patched-linux-x86_64 0.1.1 6.13 61.35 67.48 NOTE
r-release-linux-x86_64 0.1.1 7.46 60.51 67.97 NOTE
r-release-macos-arm64 0.1.1 3.00 26.00 29.00 NOTE
r-release-macos-x86_64 0.1.1 7.00 53.00 60.00 NOTE
r-release-windows-x86_64 0.1.1 9.00 71.00 80.00 NOTE
r-oldrel-macos-arm64 0.1.1 3.00 25.00 28.00 OK
r-oldrel-macos-x86_64 0.1.1 6.00 50.00 56.00 OK
r-oldrel-windows-x86_64 0.1.1 11.00 88.00 99.00 OK

Check Details

Version: 0.1.1
Check: DESCRIPTION meta-information
Result: NOTE Missing dependency on R >= 4.1.0 because package code uses the pipe |> or function shorthand \(...) syntax added in R 4.1.0. File(s) using such syntax: ‘readtextgrid.R’ Flavors: r-devel-linux-x86_64-debian-clang, r-devel-linux-x86_64-debian-gcc, r-devel-linux-x86_64-fedora-clang, r-devel-linux-x86_64-fedora-gcc, r-devel-windows-x86_64, r-patched-linux-x86_64, r-release-linux-x86_64, r-release-macos-arm64, r-release-macos-x86_64, r-release-windows-x86_64