CRAN Package Check Results for Package trustedtimestamping

Last updated on 2025-11-04 13:50:28 CET.

Flavor Version Tinstall Tcheck Ttotal Status Flags
r-devel-linux-x86_64-debian-clang 0.2.6 1.83 21.92 23.75 OK
r-devel-linux-x86_64-debian-gcc 0.2.6 1.57 18.57 20.14 OK
r-devel-linux-x86_64-fedora-clang 0.2.6 34.81 OK
r-devel-linux-x86_64-fedora-gcc 0.2.6 33.14 OK
r-devel-windows-x86_64 0.2.6 5.00 41.00 46.00 OK
r-patched-linux-x86_64 0.2.6 2.04 20.60 22.64 OK
r-release-linux-x86_64 0.2.6 1.96 20.55 22.51 OK
r-release-macos-arm64 0.2.6 2.00 20.00 22.00 OK
r-release-macos-x86_64 0.2.6 2.00 27.00 29.00 OK
r-release-windows-x86_64 0.2.6 4.00 41.00 45.00 OK
r-oldrel-macos-arm64 0.2.6 1.00 14.00 15.00 NOTE
r-oldrel-macos-x86_64 0.2.6 2.00 19.00 21.00 NOTE
r-oldrel-windows-x86_64 0.2.6 4.00 48.00 52.00 NOTE

Additional issues

donttest

Check Details

Version: 0.2.6
Check: LazyData
Result: NOTE 'LazyData' is specified without a 'data' directory Flavors: r-oldrel-macos-arm64, r-oldrel-macos-x86_64, r-oldrel-windows-x86_64