CRAN Package Check Results for Package taxalight

Last updated on 2025-11-04 13:50:27 CET.

Flavor Version Tinstall Tcheck Ttotal Status Flags
r-devel-linux-x86_64-debian-clang 0.1.5 2.32 27.81 30.13 NOTE
r-devel-linux-x86_64-debian-gcc 0.1.5 1.83 23.14 24.97 NOTE
r-devel-linux-x86_64-fedora-clang 0.1.5 41.90 OK
r-devel-linux-x86_64-fedora-gcc 0.1.5 40.78 OK
r-devel-windows-x86_64 0.1.5 4.00 44.00 48.00 OK
r-patched-linux-x86_64 0.1.5 2.43 25.76 28.19 OK
r-release-linux-x86_64 0.1.5 2.42 25.50 27.92 OK
r-release-macos-arm64 0.1.5 2.00 21.00 23.00 OK
r-release-macos-x86_64 0.1.5 2.00 29.00 31.00 OK
r-release-windows-x86_64 0.1.5 5.00 45.00 50.00 OK
r-oldrel-macos-arm64 0.1.5 1.00 17.00 18.00 OK
r-oldrel-macos-x86_64 0.1.5 2.00 25.00 27.00 OK
r-oldrel-windows-x86_64 0.1.5 5.00 53.00 58.00 OK

Check Details

Version: 0.1.5
Check: CRAN incoming feasibility
Result: NOTE Maintainer: ‘Carl Boettiger <cboettig@gmail.com>’ The BugReports field in DESCRIPTION has https://github.com/cboettig/taxalight which should likely be https://github.com/cboettig/taxalight/issues instead. Flavors: r-devel-linux-x86_64-debian-clang, r-devel-linux-x86_64-debian-gcc