Last updated on 2025-11-04 13:50:27 CET.
| Flavor | Version | Tinstall | Tcheck | Ttotal | Status | Flags |
|---|---|---|---|---|---|---|
| r-devel-linux-x86_64-debian-clang | 0.1.0 | 3.18 | 231.51 | 234.69 | OK | |
| r-devel-linux-x86_64-debian-gcc | 0.1.0 | 2.81 | 147.10 | 149.91 | OK | |
| r-devel-linux-x86_64-fedora-clang | 0.1.0 | 366.14 | OK | |||
| r-devel-linux-x86_64-fedora-gcc | 0.1.0 | 15.00 | 342.35 | 357.35 | OK | |
| r-devel-windows-x86_64 | 0.1.0 | 7.00 | 188.00 | 195.00 | OK | |
| r-patched-linux-x86_64 | 0.1.0 | 4.31 | 215.39 | 219.70 | OK | |
| r-release-linux-x86_64 | 0.1.0 | 4.04 | 218.62 | 222.66 | OK | |
| r-release-macos-arm64 | 0.1.0 | 2.00 | 53.00 | 55.00 | OK | |
| r-release-macos-x86_64 | 0.1.0 | 3.00 | 111.00 | 114.00 | OK | |
| r-release-windows-x86_64 | 0.1.0 | 6.00 | 187.00 | 193.00 | OK | |
| r-oldrel-macos-arm64 | 0.1.0 | 2.00 | 57.00 | 59.00 | NOTE | |
| r-oldrel-macos-x86_64 | 0.1.0 | 3.00 | 95.00 | 98.00 | NOTE | |
| r-oldrel-windows-x86_64 | 0.1.0 | 7.00 | 256.00 | 263.00 | NOTE |
Version: 0.1.0
Check: LazyData
Result: NOTE
'LazyData' is specified without a 'data' directory
Flavors: r-oldrel-macos-arm64, r-oldrel-macos-x86_64, r-oldrel-windows-x86_64