Last updated on 2024-06-17 07:49:48 CEST.
Flavor | Version | Tinstall | Tcheck | Ttotal | Status | Flags |
---|---|---|---|---|---|---|
r-devel-linux-x86_64-debian-clang | 0.1.15 | 4.96 | 59.29 | 64.25 | NOTE | |
r-devel-linux-x86_64-debian-gcc | 0.1.15 | 4.25 | 45.94 | 50.19 | NOTE | |
r-devel-linux-x86_64-fedora-clang | 0.1.15 | 83.14 | NOTE | |||
r-devel-linux-x86_64-fedora-gcc | 0.1.15 | 89.71 | NOTE | |||
r-devel-windows-x86_64 | 0.1.15 | 6.00 | 69.00 | 75.00 | NOTE | |
r-patched-linux-x86_64 | 0.1.15 | 5.91 | 57.72 | 63.63 | NOTE | |
r-release-linux-x86_64 | 0.1.15 | 5.31 | 57.35 | 62.66 | NOTE | |
r-release-macos-arm64 | 0.1.15 | 37.00 | OK | |||
r-release-macos-x86_64 | 0.1.15 | 54.00 | OK | |||
r-release-windows-x86_64 | 0.1.15 | 7.00 | 71.00 | 78.00 | NOTE | |
r-oldrel-macos-arm64 | 0.1.15 | 40.00 | OK | |||
r-oldrel-macos-x86_64 | 0.1.15 | 77.00 | OK | |||
r-oldrel-windows-x86_64 | 0.1.15 | 8.00 | 79.00 | 87.00 | OK |
Version: 0.1.15
Check: HTML version of manual
Result: NOTE
Found the following HTML validation problems:
create_symlink.html:55:1 (create_symlink.Rd:17): Warning: trimming empty <dt>
Flavors: r-devel-linux-x86_64-debian-clang, r-devel-linux-x86_64-debian-gcc, r-devel-linux-x86_64-fedora-clang, r-devel-linux-x86_64-fedora-gcc, r-devel-windows-x86_64, r-patched-linux-x86_64, r-release-linux-x86_64, r-release-windows-x86_64