Last updated on 2025-11-04 13:50:26 CET.
| Flavor | Version | Tinstall | Tcheck | Ttotal | Status | Flags |
|---|---|---|---|---|---|---|
| r-devel-linux-x86_64-debian-clang | 0.1.1 | 57.82 | 469.73 | 527.55 | OK | |
| r-devel-linux-x86_64-debian-gcc | 0.1.1 | 43.08 | 347.02 | 390.10 | OK | |
| r-devel-linux-x86_64-fedora-clang | 0.1.1 | 268.00 | 602.13 | 870.13 | OK | |
| r-devel-linux-x86_64-fedora-gcc | 0.1.1 | 233.00 | 611.66 | 844.66 | OK | |
| r-devel-windows-x86_64 | 0.1.1 | 57.00 | 370.00 | 427.00 | OK | |
| r-patched-linux-x86_64 | 0.1.1 | 0.33 | 2.13 | 2.46 | ERROR | |
| r-release-linux-x86_64 | 0.1.1 | 0.25 | 1.90 | 2.15 | ERROR | |
| r-release-macos-arm64 | 0.1.1 | 5.00 | ERROR | |||
| r-release-macos-x86_64 | 0.1.1 | 50.00 | 340.00 | 390.00 | OK | |
| r-release-windows-x86_64 | 0.1.1 | 56.00 | 368.00 | 424.00 | OK | |
| r-oldrel-macos-arm64 | 0.1.1 | 25.00 | 174.00 | 199.00 | OK | |
| r-oldrel-macos-x86_64 | 0.1.1 | 82.00 | 496.00 | 578.00 | OK | |
| r-oldrel-windows-x86_64 | 0.1.1 | 68.00 | 500.00 | 568.00 | OK |
Version: 0.1.1
Check: package dependencies
Result: ERROR
Package required but not available: ‘GSVA’
See section ‘The DESCRIPTION file’ in the ‘Writing R Extensions’
manual.
Flavor: r-patched-linux-x86_64
Version: 0.1.1
Check: package dependencies
Result: ERROR
Package required but not available: ‘clusterProfiler’
See section ‘The DESCRIPTION file’ in the ‘Writing R Extensions’
manual.
Flavor: r-release-linux-x86_64
Version: 0.1.1
Check: package dependencies
Result: ERROR
Package required but not available: ‘org.Hs.eg.db’
See section ‘The DESCRIPTION file’ in the ‘Writing R Extensions’
manual.
Flavor: r-release-macos-arm64