Last updated on 2025-11-04 13:50:25 CET.
| Flavor | Version | Tinstall | Tcheck | Ttotal | Status | Flags |
|---|---|---|---|---|---|---|
| r-devel-linux-x86_64-debian-clang | 1.0.1 | 93.32 | 69.27 | 162.59 | OK | |
| r-devel-linux-x86_64-debian-gcc | 1.0.1 | 56.16 | 49.05 | 105.21 | OK | |
| r-devel-linux-x86_64-fedora-clang | 1.0.1 | 84.00 | 168.99 | 252.99 | OK | |
| r-devel-linux-x86_64-fedora-gcc | 1.0.1 | 102.00 | 148.68 | 250.68 | OK | |
| r-devel-windows-x86_64 | 1.0.1 | 90.00 | 104.00 | 194.00 | OK | |
| r-patched-linux-x86_64 | 1.0.1 | 80.02 | 66.16 | 146.18 | OK | |
| r-release-linux-x86_64 | 1.0.1 | 81.17 | 66.39 | 147.56 | OK | |
| r-release-macos-arm64 | 1.0.1 | 31.00 | 32.00 | 63.00 | OK | |
| r-release-macos-x86_64 | 1.0.1 | 40.00 | 61.00 | 101.00 | OK | |
| r-release-windows-x86_64 | 1.0.1 | 85.00 | 101.00 | 186.00 | OK | |
| r-oldrel-macos-arm64 | 1.0.1 | 36.00 | 43.00 | 79.00 | NOTE | |
| r-oldrel-macos-x86_64 | 1.0.1 | 54.00 | 72.00 | 126.00 | NOTE | |
| r-oldrel-windows-x86_64 | 1.0.1 | 104.00 | 131.00 | 235.00 | OK |
Version: 1.0.1
Check: installed package size
Result: NOTE
installed size is 6.1Mb
sub-directories of 1Mb or more:
libs 5.9Mb
Flavors: r-oldrel-macos-arm64, r-oldrel-macos-x86_64