CRAN Package Check Results for Package selcorr

Last updated on 2025-11-04 13:50:25 CET.

Flavor Version Tinstall Tcheck Ttotal Status Flags
r-devel-linux-x86_64-debian-clang 1.0 1.78 20.22 22.00 NOTE
r-devel-linux-x86_64-debian-gcc 1.0 1.40 16.60 18.00 NOTE
r-devel-linux-x86_64-fedora-clang 1.0 31.62 NOTE
r-devel-linux-x86_64-fedora-gcc 1.0 30.35 NOTE
r-devel-windows-x86_64 1.0 3.00 36.00 39.00 NOTE
r-patched-linux-x86_64 1.0 1.74 18.98 20.72 NOTE
r-release-linux-x86_64 1.0 1.77 18.90 20.67 NOTE
r-release-macos-arm64 1.0 1.00 16.00 17.00 NOTE
r-release-macos-x86_64 1.0 2.00 21.00 23.00 NOTE
r-release-windows-x86_64 1.0 4.00 36.00 40.00 NOTE
r-oldrel-macos-arm64 1.0 1.00 13.00 14.00 OK
r-oldrel-macos-x86_64 1.0 1.00 20.00 21.00 OK
r-oldrel-windows-x86_64 1.0 4.00 45.00 49.00 OK

Check Details

Version: 1.0
Check: DESCRIPTION meta-information
Result: NOTE Missing dependency on R >= 4.1.0 because package code uses the pipe |> or function shorthand \(...) syntax added in R 4.1.0. File(s) using such syntax: ‘selcorr.R’ Flavors: r-devel-linux-x86_64-debian-clang, r-devel-linux-x86_64-debian-gcc, r-devel-linux-x86_64-fedora-clang, r-devel-linux-x86_64-fedora-gcc, r-devel-windows-x86_64, r-patched-linux-x86_64, r-release-linux-x86_64, r-release-macos-arm64, r-release-macos-x86_64, r-release-windows-x86_64

Version: 1.0
Check: dependencies in R code
Result: NOTE Namespace in Imports field not imported from: ‘MASS’ All declared Imports should be used. Flavors: r-devel-linux-x86_64-fedora-clang, r-devel-linux-x86_64-fedora-gcc