Last updated on 2025-11-04 13:50:25 CET.
| Flavor | Version | Tinstall | Tcheck | Ttotal | Status | Flags |
|---|---|---|---|---|---|---|
| r-devel-linux-x86_64-debian-clang | 1.0.1 | 5.94 | 60.37 | 66.31 | OK | |
| r-devel-linux-x86_64-debian-gcc | 1.0.1 | 5.06 | 46.79 | 51.85 | OK | |
| r-devel-linux-x86_64-fedora-clang | 1.0.1 | 14.00 | 88.56 | 102.56 | NOTE | |
| r-devel-linux-x86_64-fedora-gcc | 1.0.1 | 12.00 | 84.42 | 96.42 | NOTE | |
| r-devel-windows-x86_64 | 1.0.1 | 9.00 | 70.00 | 79.00 | OK | |
| r-patched-linux-x86_64 | 1.0.1 | 5.71 | 57.86 | 63.57 | OK | |
| r-release-linux-x86_64 | 1.0.1 | 6.47 | 59.06 | 65.53 | OK | |
| r-release-macos-arm64 | 1.0.1 | 3.00 | 34.00 | 37.00 | OK | |
| r-release-macos-x86_64 | 1.0.1 | 7.00 | 71.00 | 78.00 | OK | |
| r-release-windows-x86_64 | 1.0.1 | 8.00 | 65.00 | 73.00 | OK | |
| r-oldrel-macos-arm64 | 1.0.1 | 3.00 | 35.00 | 38.00 | NOTE | |
| r-oldrel-macos-x86_64 | 1.0.1 | 5.00 | 43.00 | 48.00 | NOTE | |
| r-oldrel-windows-x86_64 | 1.0.1 | 11.00 | 88.00 | 99.00 | NOTE |
Version: 1.0.1
Check: dependencies in R code
Result: NOTE
Namespaces in Imports field not imported from:
‘methods’ ‘pbapply’ ‘utils’
All declared Imports should be used.
Flavors: r-devel-linux-x86_64-fedora-clang, r-devel-linux-x86_64-fedora-gcc
Version: 1.0.1
Check: LazyData
Result: NOTE
'LazyData' is specified without a 'data' directory
Flavors: r-oldrel-macos-arm64, r-oldrel-macos-x86_64, r-oldrel-windows-x86_64