Last updated on 2025-11-05 05:51:41 CET.
| Flavor | Version | Tinstall | Tcheck | Ttotal | Status | Flags |
|---|---|---|---|---|---|---|
| r-devel-linux-x86_64-debian-clang | 0.2.0.0 | 68.53 | 607.55 | 676.08 | OK | |
| r-devel-linux-x86_64-debian-gcc | 0.2.0.0 | 47.14 | 431.56 | 478.70 | OK | |
| r-devel-linux-x86_64-fedora-clang | 0.2.0.0 | 146.00 | 956.25 | 1102.25 | OK | |
| r-devel-linux-x86_64-fedora-gcc | 0.2.0.0 | 144.00 | 928.26 | 1072.26 | OK | |
| r-devel-windows-x86_64 | 0.2.0.0 | 70.00 | 477.00 | 547.00 | OK | |
| r-patched-linux-x86_64 | 0.2.0.0 | 0.47 | 1.94 | 2.41 | ERROR | |
| r-release-linux-x86_64 | 0.2.0.0 | 0.34 | 2.11 | 2.45 | ERROR | |
| r-release-macos-arm64 | 0.2.0.0 | 6.00 | ERROR | |||
| r-release-macos-x86_64 | 0.2.0.0 | 8.00 | ERROR | |||
| r-release-windows-x86_64 | 0.2.0.0 | 71.00 | 461.00 | 532.00 | OK | |
| r-oldrel-macos-arm64 | 0.2.0.0 | 10.00 | ERROR | |||
| r-oldrel-macos-x86_64 | 0.2.0.0 | 14.00 | ERROR | |||
| r-oldrel-windows-x86_64 | 0.2.0.0 | 102.00 | 639.00 | 741.00 | NOTE |
Version: 0.2.0.0
Check: package dependencies
Result: ERROR
Packages required but not available:
'batchelor', 'ReactomeGSA', 'celldex', 'SingleR',
'SummarizedExperiment'
See section ‘The DESCRIPTION file’ in the ‘Writing R Extensions’
manual.
Flavor: r-patched-linux-x86_64
Version: 0.2.0.0
Check: package dependencies
Result: ERROR
Packages required but not available: 'batchelor', 'ReactomeGSA'
See section ‘The DESCRIPTION file’ in the ‘Writing R Extensions’
manual.
Flavor: r-release-linux-x86_64
Version: 0.2.0.0
Check: package dependencies
Result: ERROR
Package required but not available: ‘celldex’
See section ‘The DESCRIPTION file’ in the ‘Writing R Extensions’
manual.
Flavors: r-release-macos-arm64, r-oldrel-macos-arm64
Version: 0.2.0.0
Check: package dependencies
Result: ERROR
Packages required but not available: 'ReactomeGSA', 'celldex', 'SingleR'
See section ‘The DESCRIPTION file’ in the ‘Writing R Extensions’
manual.
Flavor: r-release-macos-x86_64
Version: 0.2.0.0
Check: package dependencies
Result: ERROR
Packages required but not available: 'ReactomeGSA', 'celldex'
See section ‘The DESCRIPTION file’ in the ‘Writing R Extensions’
manual.
Flavor: r-oldrel-macos-x86_64
Version: 0.2.0.0
Check: installed package size
Result: NOTE
installed size is 16.8Mb
sub-directories of 1Mb or more:
extdata 16.7Mb
Flavor: r-oldrel-windows-x86_64