Last updated on 2025-11-04 13:50:25 CET.
| Flavor | Version | Tinstall | Tcheck | Ttotal | Status | Flags |
|---|---|---|---|---|---|---|
| r-devel-linux-x86_64-debian-clang | 3.2.2 | 11.25 | 204.46 | 215.71 | NOTE | |
| r-devel-linux-x86_64-debian-gcc | 3.2.2 | 7.43 | 143.84 | 151.27 | NOTE | |
| r-devel-linux-x86_64-fedora-clang | 3.2.2 | 22.00 | 325.15 | 347.15 | OK | |
| r-devel-linux-x86_64-fedora-gcc | 3.2.2 | 23.00 | 341.62 | 364.62 | OK | |
| r-devel-windows-x86_64 | 3.2.2 | 13.00 | 227.00 | 240.00 | OK | |
| r-patched-linux-x86_64 | 3.2.2 | 10.25 | 201.93 | 212.18 | OK | |
| r-release-linux-x86_64 | 3.2.2 | 9.71 | 200.07 | 209.78 | OK | |
| r-release-macos-arm64 | 3.2.2 | 6.00 | 109.00 | 115.00 | OK | |
| r-release-macos-x86_64 | 3.2.2 | 10.00 | 224.00 | 234.00 | OK | |
| r-release-windows-x86_64 | 3.2.2 | 12.00 | 219.00 | 231.00 | OK | |
| r-oldrel-macos-arm64 | 3.2.2 | 4.00 | 98.00 | 102.00 | OK | |
| r-oldrel-macos-x86_64 | 3.2.2 | 7.00 | 159.00 | 166.00 | OK | |
| r-oldrel-windows-x86_64 | 3.2.2 | 17.00 | 283.00 | 300.00 | OK |
Version: 3.2.2
Check: CRAN incoming feasibility
Result: NOTE
Maintainer: ‘Xin Shao<xin_shao@zju.edu.cn>’
No Authors@R field in DESCRIPTION.
Please add one, modifying
Authors@R: person(given = "Xin",
family = "Shao",
role = c("aut", "cre"),
email = "xin_shao@zju.edu.cn")
as necessary.
Flavors: r-devel-linux-x86_64-debian-clang, r-devel-linux-x86_64-debian-gcc