Last updated on 2025-11-04 13:50:24 CET.
| Flavor | Version | Tinstall | Tcheck | Ttotal | Status | Flags |
|---|---|---|---|---|---|---|
| r-devel-linux-x86_64-debian-clang | 1.0 | 7.57 | 66.22 | 73.79 | OK | |
| r-devel-linux-x86_64-debian-gcc | 1.0 | 6.92 | 51.63 | 58.55 | OK | |
| r-devel-linux-x86_64-fedora-clang | 1.0 | 17.00 | 95.47 | 112.47 | OK | |
| r-devel-linux-x86_64-fedora-gcc | 1.0 | 16.00 | 109.50 | 125.50 | OK | |
| r-devel-windows-x86_64 | 1.0 | 9.00 | 75.00 | 84.00 | OK | |
| r-patched-linux-x86_64 | 1.0 | 8.06 | 62.48 | 70.54 | OK | |
| r-release-linux-x86_64 | 1.0 | 8.47 | 62.86 | 71.33 | OK | |
| r-release-macos-arm64 | 1.0 | 4.00 | 45.00 | 49.00 | OK | |
| r-release-macos-x86_64 | 1.0 | 7.00 | 74.00 | 81.00 | OK | |
| r-release-windows-x86_64 | 1.0 | 8.00 | 74.00 | 82.00 | OK | |
| r-oldrel-macos-arm64 | 1.0 | 3.00 | 35.00 | 38.00 | NOTE | |
| r-oldrel-macos-x86_64 | 1.0 | 6.00 | 59.00 | 65.00 | NOTE | |
| r-oldrel-windows-x86_64 | 1.0 | 11.00 | 91.00 | 102.00 | NOTE |
Version: 1.0
Check: LazyData
Result: NOTE
'LazyData' is specified without a 'data' directory
Flavors: r-oldrel-macos-arm64, r-oldrel-macos-x86_64, r-oldrel-windows-x86_64