Last updated on 2025-11-04 13:50:23 CET.
| Flavor | Version | Tinstall | Tcheck | Ttotal | Status | Flags |
|---|---|---|---|---|---|---|
| r-devel-linux-x86_64-debian-clang | 0.0.1 | 38.10 | 340.68 | 378.78 | OK | |
| r-devel-linux-x86_64-debian-gcc | 0.0.1 | 29.36 | 245.68 | 275.04 | OK | |
| r-devel-linux-x86_64-fedora-clang | 0.0.1 | 214.00 | 424.30 | 638.30 | OK | |
| r-devel-linux-x86_64-fedora-gcc | 0.0.1 | 85.00 | 528.35 | 613.35 | OK | |
| r-devel-windows-x86_64 | 0.0.1 | 5.00 | 5.00 | 10.00 | ERROR | |
| r-patched-linux-x86_64 | 0.0.1 | 0.35 | 1.86 | 2.21 | ERROR | |
| r-release-linux-x86_64 | 0.0.1 | 36.91 | 322.96 | 359.87 | OK | |
| r-release-macos-arm64 | 0.0.1 | 5.00 | ERROR | |||
| r-release-macos-x86_64 | 0.0.1 | 7.00 | ERROR | |||
| r-release-windows-x86_64 | 0.0.1 | 37.00 | 267.00 | 304.00 | OK | |
| r-oldrel-macos-arm64 | 0.0.1 | 10.00 | ERROR | |||
| r-oldrel-macos-x86_64 | 0.0.1 | 13.00 | ERROR | |||
| r-oldrel-windows-x86_64 | 0.0.1 | 30.00 | 10.00 | 40.00 | ERROR |
Version: 0.0.1
Check: whether package can be installed
Result: ERROR
Installation failed.
Flavors: r-devel-windows-x86_64, r-oldrel-windows-x86_64
Version: 0.0.1
Check: package dependencies
Result: ERROR
Packages required but not available:
'BSgenome', 'BSgenome.Hsapiens.UCSC.hg38'
See section ‘The DESCRIPTION file’ in the ‘Writing R Extensions’
manual.
Flavor: r-patched-linux-x86_64
Version: 0.0.1
Check: package dependencies
Result: ERROR
Package required but not available: ‘BSgenome.Hsapiens.UCSC.hg38’
See section ‘The DESCRIPTION file’ in the ‘Writing R Extensions’
manual.
Flavors: r-release-macos-arm64, r-release-macos-x86_64, r-oldrel-macos-arm64, r-oldrel-macos-x86_64