Last updated on 2025-11-05 05:51:38 CET.
| Flavor | Version | Tinstall | Tcheck | Ttotal | Status | Flags |
|---|---|---|---|---|---|---|
| r-devel-linux-x86_64-debian-clang | 0.1 | 1.70 | 19.74 | 21.44 | NOTE | |
| r-devel-linux-x86_64-debian-gcc | 0.1 | 1.46 | 16.54 | 18.00 | NOTE | |
| r-devel-linux-x86_64-fedora-clang | 0.1 | 31.41 | OK | |||
| r-devel-linux-x86_64-fedora-gcc | 0.1 | 30.40 | OK | |||
| r-devel-windows-x86_64 | 0.1 | 3.00 | 39.00 | 42.00 | OK | |
| r-patched-linux-x86_64 | 0.1 | 1.57 | 18.75 | 20.32 | OK | |
| r-release-linux-x86_64 | 0.1 | 1.72 | 18.72 | 20.44 | OK | |
| r-release-macos-arm64 | 0.1 | 1.00 | 14.00 | 15.00 | OK | |
| r-release-macos-x86_64 | 0.1 | 1.00 | 23.00 | 24.00 | OK | |
| r-release-windows-x86_64 | 0.1 | 3.00 | 37.00 | 40.00 | OK | |
| r-oldrel-macos-arm64 | 0.1 | 1.00 | 12.00 | 13.00 | OK | |
| r-oldrel-macos-x86_64 | 0.1 | 1.00 | 19.00 | 20.00 | OK | |
| r-oldrel-windows-x86_64 | 0.1 | 3.00 | 39.00 | 42.00 | OK |
Version: 0.1
Check: CRAN incoming feasibility
Result: NOTE
Maintainer: ‘Paul Murrell <paul@stat.auckland.ac.nz>’
No Authors@R field in DESCRIPTION.
Please add one, modifying
Authors@R: person(given = "Paul",
family = "Murrell",
role = c("aut", "cre"),
email = "paul@stat.auckland.ac.nz")
as necessary.
Flavors: r-devel-linux-x86_64-debian-clang, r-devel-linux-x86_64-debian-gcc