Last updated on 2024-07-16 18:49:18 CEST.
Flavor | Version | Tinstall | Tcheck | Ttotal | Status | Flags |
---|---|---|---|---|---|---|
r-devel-linux-x86_64-debian-clang | 2024-03-04-2 | 3.04 | 47.26 | 50.30 | OK | |
r-devel-linux-x86_64-debian-gcc | 2024-03-04-2 | 2.60 | 36.62 | 39.22 | OK | |
r-devel-linux-x86_64-fedora-clang | 2024-03-04-2 | 67.65 | NOTE | |||
r-devel-linux-x86_64-fedora-gcc | 2024-03-04-2 | 61.81 | OK | |||
r-devel-windows-x86_64 | 2024-03-04-2 | 4.00 | 64.00 | 68.00 | NOTE | |
r-patched-linux-x86_64 | 2024-03-04-2 | 6.38 | 46.22 | 52.60 | OK | |
r-release-linux-x86_64 | 2024-03-04-2 | 3.18 | 45.01 | 48.19 | OK | |
r-release-macos-arm64 | 2024-03-04-2 | 28.00 | NOTE | |||
r-release-macos-x86_64 | 2024-03-04-2 | 40.00 | NOTE | |||
r-release-windows-x86_64 | 2024-03-04-2 | 4.00 | 64.00 | 68.00 | NOTE | |
r-oldrel-macos-arm64 | 2024-03-04-2 | 32.00 | NOTE | |||
r-oldrel-macos-x86_64 | 2024-03-04-2 | 44.00 | NOTE | |||
r-oldrel-windows-x86_64 | 2024-03-04-2 | 4.00 | 71.00 | 75.00 | NOTE |
Version: 2024-03-04-2
Check: installed package size
Result: NOTE
installed size is 11.0Mb
sub-directories of 1Mb or more:
data 10.8Mb
Flavors: r-devel-linux-x86_64-fedora-clang, r-devel-windows-x86_64, r-release-macos-arm64, r-release-macos-x86_64, r-release-windows-x86_64, r-oldrel-macos-arm64, r-oldrel-macos-x86_64, r-oldrel-windows-x86_64
Version: 2024-03-04-2
Check: Rd cross-references
Result: NOTE
Found the following Rd file(s) with Rd \link{} targets missing package
anchors:
commodities.Rd: xts
crypto.Rd: xts
default.Rd: xts
fx.Rd: xts
interest_rates.Rd: xts
losses.Rd: xts
stock_indices.Rd: xts
stock_indices_constituents.Rd: xts
stocks.Rd: xts
volatility.Rd: xts
Please provide package anchors for all Rd \link{} targets not in the
package itself and the base packages.
Flavor: r-devel-windows-x86_64